{"id":96,"date":"2017-12-11T22:28:31","date_gmt":"2017-12-11T20:28:31","guid":{"rendered":"http:\/\/www.yetkinler.com\/?page_id=96"},"modified":"2023-10-08T01:36:24","modified_gmt":"2023-10-07T22:36:24","slug":"insaatlik-ve-dogramalik-kereste","status":"publish","type":"page","link":"http:\/\/www.yetkinler.com\/?page_id=96","title":{"rendered":"\u0130n\u015faatl\u0131k ve Do\u011framal\u0131k Kereste"},"content":{"rendered":"\n<div class=\"wp-block-columns is-layout-flex wp-container-core-columns-is-layout-9d6595d7 wp-block-columns-is-layout-flex\">\n<div class=\"wp-block-column is-layout-flow wp-block-column-is-layout-flow\" style=\"flex-basis:100%\">\n<figure class=\"wp-block-gallery has-nested-images columns-default is-cropped wp-block-gallery-1 is-layout-flex wp-block-gallery-is-layout-flex\">\n<figure class=\"wp-block-image size-large\"><img loading=\"lazy\" decoding=\"async\" width=\"1024\" height=\"576\" data-id=\"70\" src=\"https:\/\/www.yetkinler.com\/wp-content\/uploads\/2017\/12\/\u0130n\u015faatl\u0131k-Kereste-5-1024x576.jpg\" alt=\"\" class=\"wp-image-70\" srcset=\"http:\/\/www.yetkinler.com\/wp-content\/uploads\/2017\/12\/\u0130n\u015faatl\u0131k-Kereste-5-1024x576.jpg 1024w, http:\/\/www.yetkinler.com\/wp-content\/uploads\/2017\/12\/\u0130n\u015faatl\u0131k-Kereste-5-300x169.jpg 300w, http:\/\/www.yetkinler.com\/wp-content\/uploads\/2017\/12\/\u0130n\u015faatl\u0131k-Kereste-5-768x432.jpg 768w, http:\/\/www.yetkinler.com\/wp-content\/uploads\/2017\/12\/\u0130n\u015faatl\u0131k-Kereste-5-622x350.jpg 622w, http:\/\/www.yetkinler.com\/wp-content\/uploads\/2017\/12\/\u0130n\u015faatl\u0131k-Kereste-5-150x84.jpg 150w, http:\/\/www.yetkinler.com\/wp-content\/uploads\/2017\/12\/\u0130n\u015faatl\u0131k-Kereste-5.jpg 2048w\" sizes=\"auto, (max-width: 1024px) 100vw, 1024px\" \/><\/figure>\n<\/figure>\n<\/div>\n<\/div>\n\n\n\n<div class=\"wp-block-columns is-layout-flex wp-container-core-columns-is-layout-9d6595d7 wp-block-columns-is-layout-flex\">\n<div class=\"wp-block-column is-layout-flow wp-block-column-is-layout-flow\" style=\"flex-basis:100%\">\n<figure class=\"wp-block-gallery has-nested-images columns-default is-cropped wp-block-gallery-2 is-layout-flex wp-block-gallery-is-layout-flex\">\n<figure class=\"wp-block-image size-large\"><img loading=\"lazy\" decoding=\"async\" width=\"1024\" height=\"576\" data-id=\"69\" src=\"https:\/\/www.yetkinler.com\/wp-content\/uploads\/2017\/12\/\u0130n\u015faatl\u0131k-Kereste-6-1024x576.jpg\" alt=\"\" class=\"wp-image-69\" srcset=\"http:\/\/www.yetkinler.com\/wp-content\/uploads\/2017\/12\/\u0130n\u015faatl\u0131k-Kereste-6-1024x576.jpg 1024w, http:\/\/www.yetkinler.com\/wp-content\/uploads\/2017\/12\/\u0130n\u015faatl\u0131k-Kereste-6-300x169.jpg 300w, http:\/\/www.yetkinler.com\/wp-content\/uploads\/2017\/12\/\u0130n\u015faatl\u0131k-Kereste-6-768x432.jpg 768w, http:\/\/www.yetkinler.com\/wp-content\/uploads\/2017\/12\/\u0130n\u015faatl\u0131k-Kereste-6-622x350.jpg 622w, http:\/\/www.yetkinler.com\/wp-content\/uploads\/2017\/12\/\u0130n\u015faatl\u0131k-Kereste-6-150x84.jpg 150w, http:\/\/www.yetkinler.com\/wp-content\/uploads\/2017\/12\/\u0130n\u015faatl\u0131k-Kereste-6.jpg 2048w\" sizes=\"auto, (max-width: 1024px) 100vw, 1024px\" \/><\/figure>\n<\/figure>\n<\/div>\n<\/div>\n\n\n\n<p><strong>Y\u00fcksek Kalitede \u0130n\u015faatl\u0131k Kereste.<\/strong> ( Standart \u00d6l\u00e7\u00fclerde, D\u00fczg\u00fcn Bi\u00e7ilmi\u015f, Y\u00fcksek Kalitede )<\/p>\n\n\n\n<div class=\"wp-block-columns is-layout-flex wp-container-core-columns-is-layout-9d6595d7 wp-block-columns-is-layout-flex\">\n<div class=\"wp-block-column is-layout-flow wp-block-column-is-layout-flow\" style=\"flex-basis:100%\">\n<figure class=\"wp-block-gallery has-nested-images columns-default is-cropped wp-block-gallery-3 is-layout-flex wp-block-gallery-is-layout-flex\">\n<figure class=\"wp-block-image size-large\"><img loading=\"lazy\" decoding=\"async\" width=\"1024\" height=\"576\" data-id=\"75\" src=\"https:\/\/www.yetkinler.com\/wp-content\/uploads\/2017\/12\/\u00c7am_Sibirya_Extra-3-1024x576.jpg\" alt=\"\" class=\"wp-image-75\" srcset=\"http:\/\/www.yetkinler.com\/wp-content\/uploads\/2017\/12\/\u00c7am_Sibirya_Extra-3.jpg 1024w, http:\/\/www.yetkinler.com\/wp-content\/uploads\/2017\/12\/\u00c7am_Sibirya_Extra-3-300x169.jpg 300w, http:\/\/www.yetkinler.com\/wp-content\/uploads\/2017\/12\/\u00c7am_Sibirya_Extra-3-768x432.jpg 768w, http:\/\/www.yetkinler.com\/wp-content\/uploads\/2017\/12\/\u00c7am_Sibirya_Extra-3-622x350.jpg 622w, http:\/\/www.yetkinler.com\/wp-content\/uploads\/2017\/12\/\u00c7am_Sibirya_Extra-3-150x84.jpg 150w\" sizes=\"auto, (max-width: 1024px) 100vw, 1024px\" \/><\/figure>\n<\/figure>\n<\/div>\n<\/div>\n\n\n\n<p><strong>Her T\u00fcrl\u00fc Do\u011framal\u0131k \u00c7am ve Ladin Kereste.<\/strong> (Kullan\u0131m Amac\u0131na Uygun \u00d6zelliklerde )<\/p>\n","protected":false},"excerpt":{"rendered":"<p>Y\u00fcksek Kalitede \u0130n\u015faatl\u0131k Kereste. ( Standart \u00d6l\u00e7\u00fclerde, D\u00fczg\u00fcn Bi\u00e7ilmi\u015f, Y\u00fcksek Kalitede ) Her T\u00fcrl\u00fc Do\u011framal\u0131k \u00c7am ve Ladin Kereste. (Kullan\u0131m Amac\u0131na Uygun \u00d6zelliklerde ) <a class=\"continue-reading-link\" href=\"http:\/\/www.yetkinler.com\/?page_id=96\">Continue reading<\/a><\/p>\n","protected":false},"author":1,"featured_media":0,"parent":0,"menu_order":0,"comment_status":"closed","ping_status":"closed","template":"","meta":{"footnotes":""},"class_list":["post-96","page","type-page","status-publish","hentry"],"_links":{"self":[{"href":"http:\/\/www.yetkinler.com\/index.php?rest_route=\/wp\/v2\/pages\/96","targetHints":{"allow":["GET"]}}],"collection":[{"href":"http:\/\/www.yetkinler.com\/index.php?rest_route=\/wp\/v2\/pages"}],"about":[{"href":"http:\/\/www.yetkinler.com\/index.php?rest_route=\/wp\/v2\/types\/page"}],"author":[{"embeddable":true,"href":"http:\/\/www.yetkinler.com\/index.php?rest_route=\/wp\/v2\/users\/1"}],"replies":[{"embeddable":true,"href":"http:\/\/www.yetkinler.com\/index.php?rest_route=%2Fwp%2Fv2%2Fcomments&post=96"}],"version-history":[{"count":11,"href":"http:\/\/www.yetkinler.com\/index.php?rest_route=\/wp\/v2\/pages\/96\/revisions"}],"predecessor-version":[{"id":243,"href":"http:\/\/www.yetkinler.com\/index.php?rest_route=\/wp\/v2\/pages\/96\/revisions\/243"}],"wp:attachment":[{"href":"http:\/\/www.yetkinler.com\/index.php?rest_route=%2Fwp%2Fv2%2Fmedia&parent=96"}],"curies":[{"name":"wp","href":"https:\/\/api.w.org\/{rel}","templated":true}]}}