{"id":13,"date":"2017-12-03T21:08:20","date_gmt":"2017-12-03T19:08:20","guid":{"rendered":"http:\/\/www.yetkinler.com\/?page_id=13"},"modified":"2023-10-16T22:03:47","modified_gmt":"2023-10-16T19:03:47","slug":"iletisim","status":"publish","type":"page","link":"http:\/\/www.yetkinler.com\/?page_id=13","title":{"rendered":"\u0130LET\u0130\u015e\u0130M"},"content":{"rendered":"\n<h2 class=\"wp-block-heading\"><a rel=\"noopener\" href=\"https:\/\/goo.gl\/maps\/gjatooUDVSF2\" target=\"_blank\"><span style=\"color: #800000;\">YETK\u0130NLER \u0130\u00c7 VE DI\u015e T\u0130CARET\u00a0 A.\u015e.<\/span><\/a><\/h2>\n\n\n\n<p>Kaynarca Mah. Ayd\u0131nl\u0131yolu Caddesi No:238 Kat:3 D:5 PEND\u0130K\/\u0130STANBUL&nbsp;<\/p>\n\n\n\n<p>Kozyata\u011f\u0131 Mh. De\u011firmen Sk. No:18 Nidakule \u0130\u015f Merkezi Kat:23 KADIK\u00d6Y\/\u0130STANBUL<\/p>\n\n\n\n<p><\/p>\n\n\n\n<div class=\"wp-block-columns is-layout-flex wp-container-core-columns-is-layout-9d6595d7 wp-block-columns-is-layout-flex\">\n<div class=\"wp-block-column is-layout-flow wp-block-column-is-layout-flow\">\n<figure class=\"wp-block-image size-large\"><a href=\"https:\/\/maps.app.goo.gl\/9dfXQTCnZxGtPcrY6\"><img loading=\"lazy\" decoding=\"async\" width=\"1024\" height=\"653\" src=\"https:\/\/www.yetkinler.com\/wp-content\/uploads\/2023\/10\/Yetkinler-Adres-1-1024x653.jpg\" alt=\"\" class=\"wp-image-261\" srcset=\"http:\/\/www.yetkinler.com\/wp-content\/uploads\/2023\/10\/Yetkinler-Adres-1-1024x653.jpg 1024w, http:\/\/www.yetkinler.com\/wp-content\/uploads\/2023\/10\/Yetkinler-Adres-1-300x191.jpg 300w, http:\/\/www.yetkinler.com\/wp-content\/uploads\/2023\/10\/Yetkinler-Adres-1-768x490.jpg 768w, http:\/\/www.yetkinler.com\/wp-content\/uploads\/2023\/10\/Yetkinler-Adres-1-549x350.jpg 549w, http:\/\/www.yetkinler.com\/wp-content\/uploads\/2023\/10\/Yetkinler-Adres-1-150x96.jpg 150w, http:\/\/www.yetkinler.com\/wp-content\/uploads\/2023\/10\/Yetkinler-Adres-1.jpg 1414w\" sizes=\"auto, (max-width: 1024px) 100vw, 1024px\" \/><\/a><\/figure>\n<\/div>\n\n\n\n<div class=\"wp-block-column is-layout-flow wp-block-column-is-layout-flow\">\n<figure class=\"wp-block-image size-large\"><a href=\"https:\/\/maps.app.goo.gl\/SofPaBFVbVh5QyNZ6\"><img loading=\"lazy\" decoding=\"async\" width=\"1024\" height=\"653\" src=\"https:\/\/www.yetkinler.com\/wp-content\/uploads\/2023\/10\/Altaca-1-1024x653.jpg\" alt=\"\" class=\"wp-image-264\" srcset=\"http:\/\/www.yetkinler.com\/wp-content\/uploads\/2023\/10\/Altaca-1-1024x653.jpg 1024w, http:\/\/www.yetkinler.com\/wp-content\/uploads\/2023\/10\/Altaca-1-300x191.jpg 300w, http:\/\/www.yetkinler.com\/wp-content\/uploads\/2023\/10\/Altaca-1-768x490.jpg 768w, http:\/\/www.yetkinler.com\/wp-content\/uploads\/2023\/10\/Altaca-1-549x350.jpg 549w, http:\/\/www.yetkinler.com\/wp-content\/uploads\/2023\/10\/Altaca-1-150x96.jpg 150w, http:\/\/www.yetkinler.com\/wp-content\/uploads\/2023\/10\/Altaca-1.jpg 1414w\" sizes=\"auto, (max-width: 1024px) 100vw, 1024px\" \/><\/a><\/figure>\n<\/div>\n<\/div>\n\n\n\n<pre class=\"wp-block-preformatted\"><strong>TEL : 0530 962 30 02&nbsp; &nbsp; &nbsp; &nbsp; &nbsp;E-MAIL : <a href=\"mailto:yetkinler@yetkinler.com\">yetkinler@yetkinler.com<\/a>\n\n<\/strong><\/pre>\n","protected":false},"excerpt":{"rendered":"<p>YETK\u0130NLER \u0130\u00c7 VE DI\u015e T\u0130CARET\u00a0 A.\u015e. Kaynarca Mah. Ayd\u0131nl\u0131yolu Caddesi No:238 Kat:3 D:5 PEND\u0130K\/\u0130STANBUL&nbsp; Kozyata\u011f\u0131 Mh. De\u011firmen Sk. No:18 Nidakule \u0130\u015f Merkezi Kat:23 KADIK\u00d6Y\/\u0130STANBUL TEL : 0530 962 30 02&nbsp; &nbsp; &nbsp; &nbsp; &nbsp;E-MAIL : yetkinler@yetkinler.com <a class=\"continue-reading-link\" href=\"http:\/\/www.yetkinler.com\/?page_id=13\">Continue reading<\/a><\/p>\n","protected":false},"author":1,"featured_media":0,"parent":0,"menu_order":0,"comment_status":"closed","ping_status":"closed","template":"","meta":{"footnotes":""},"class_list":["post-13","page","type-page","status-publish","hentry"],"_links":{"self":[{"href":"http:\/\/www.yetkinler.com\/index.php?rest_route=\/wp\/v2\/pages\/13","targetHints":{"allow":["GET"]}}],"collection":[{"href":"http:\/\/www.yetkinler.com\/index.php?rest_route=\/wp\/v2\/pages"}],"about":[{"href":"http:\/\/www.yetkinler.com\/index.php?rest_route=\/wp\/v2\/types\/page"}],"author":[{"embeddable":true,"href":"http:\/\/www.yetkinler.com\/index.php?rest_route=\/wp\/v2\/users\/1"}],"replies":[{"embeddable":true,"href":"http:\/\/www.yetkinler.com\/index.php?rest_route=%2Fwp%2Fv2%2Fcomments&post=13"}],"version-history":[{"count":40,"href":"http:\/\/www.yetkinler.com\/index.php?rest_route=\/wp\/v2\/pages\/13\/revisions"}],"predecessor-version":[{"id":273,"href":"http:\/\/www.yetkinler.com\/index.php?rest_route=\/wp\/v2\/pages\/13\/revisions\/273"}],"wp:attachment":[{"href":"http:\/\/www.yetkinler.com\/index.php?rest_route=%2Fwp%2Fv2%2Fmedia&parent=13"}],"curies":[{"name":"wp","href":"https:\/\/api.w.org\/{rel}","templated":true}]}}